 of -1 + -4 - (-63 - -69)?
-11
Evaluate -227 - -216 - (10 + 1).
-22
-18 + 16 - (-34 + 45) - (1 + -9)
-5
-4 + (19 - -3) + -41
-23
What is 8 - ((2 - -1) + -1 + 35 + -34)?
5
Evaluate 13 + -8 + 3 + -4.
4
What is 7 + -12 + -2 + (-5 + 5 - -5)?
-2
Evaluate 0 + 1 + (0 + (8 - 15) - -18).
12
What is -10 - (17 + -17 - 20)?
10
Calculate 0 - (-4 - (-6 + 13)).
11
Calculate 23 + (11 - 6) - 17.
11
What is the value of (1 - -18) + -1 + 1 - (-36 + 42)?
13
Evaluate 3 + -1 - -2 - 4.
0
Evaluate (-1 - -5) + (68 - 67) - (24 - -6).
-25
What is the value of 47 - 15 - 20 - 13?
-1
Evaluate -13 + (3 - (4 - ((5 - 12) + 11))).
-10
Evaluate -10 + 12 + 1 + 14.
17
What is (8 - ((0 - 2) + (-21 - -46))) + 0?
-15
-20 + 20 - (3 + (-8 - -4) - 9)
10
Evaluate -10 - (11 + (-7 - 19)).
5
Calculate 11 + -15 - (-5 + 2 - -11).
-12
Calculate (-13 - -9) + -15 - (-8 + 3).
-14
Evaluate (-38 + -8 - -48) + (-20 - (2 + -4)).
-16
13 - (66 - (-37 + 74))
-16
What is the value of -11 - (-1 + 5 + -1)?
-14
Evaluate -1 - (-2 + 1 - -4) - (16 + -28).
8
Evaluate (-30 - (-21 - -10)) + (0 - 0) + -6.
-25
What is (1 - 0) + 9 + (193 - 196)?
7
0 - (14 + (-4 - 5) - 6)
1
Calculate 1 - (-3 + (5 + -4 - 12)).
15
What is (0 - (2 - -4)) + -174 + 178?
-2
Calculate -27 + 47 + -20 + -3.
-3
What is the value of -6 + 19 + (7 - 4) + -12?
4
What is -2 + -1 + (21 - (-11 + 39))?
-10
What is (3 + -7 - -12) + 6 - 9?
5
What is the value of -6 - (8 + -4) - (-21 - -19)?
-8
What is -3 + (5 - -3 - -4) + -4?
5
What is -1 - (-9 + -2 - 6 - -11)?
5
What is (-4 - -2 - 5) + (71 - 75)?
-11
Calculate 9 + (5 - -2 - (-22 + 5 - -10)).
23
What is the value of -9 + -16 + (72 - 10) + -13?
24
Calculate 0 - (4 - (3 - 4)) - (6 + -5).
-6
3 + -12 + 0 + (-8 - -6) + 0
-11
What is the value of 3 - 7 - (8 - 2)?
-10
What is the value of 8 - (-6 - (2 - 2) - -8)?
6
What is the value of 1 + 1 + -13 + 18 + 7?
14
-51 + 38 + 1 + -2
-14
Calculate -29 - -45 - (2 + -2).
16
Calculate (30 + -50 - -44) + (1 - 8).
17
48 + -57 - ((2 - 8) + 5 + -8)
0
What is 206 + -203 + 2 + (-10 - 0)?
-5
Calculate (-17 - -6 - -10) + -10.
-11
What is the value of (-2 + 0 - 2 - 1) + (20 - 9)?
6
(-9 - (-5 - -5)) + 3 - -6
0
7 - 1 - (-63 - -66) - 11 - 5
-13
What is -10 + 4 + (16 - (-3 - -5 - 4))?
12
Evaluate -9 - 4 - -12 - (-1 + 13 + 1).
-14
Evaluate -27 + 46 - (24 + -9).
4
Evaluate 5 + -12 + 10 + 2 + -2 + -31.
-28
Calculate 16 + (1 - 0) + (3 - (-4 + 13)).
11
Evaluate (-13 + 45 + 3 - 9) + (1 - -5).
32
Evaluate 14 - (3 + (9 + -6 - -2) - 2).
8
-179 + 180 + -11 + -2 + 0
-12
Calculate -4 + 1 + (-6 - -7) + -14 + 10.
-6
Evaluate 9 + (-6 - 4 - -4) + 9.
12
What is the value of 9 - (-3 + -3 + 10 + -5)?
10
What is the value of 9 + -10 + 3 + 2 + -9?
-5
-32 - (-173 - -159 - (0 - 4))
-22
(-1 - -5 - (-623 - -577)) + -14
36
Calculate -10 + (-2 - (-4 - (13 + 11))).
16
Calculate (1 - -1 - (-50 + 50)) + -9.
-7
What is -24 + (86 - 29) + 4?
37
What is 22 + -13 - (-9 + 1 + 0 + 4)?
13
Evaluate -27 + 17 - (-10 + 0 - 1).
1
What is -247 - -269 - (15 - 1)?
8
Evaluate -53 - -43 - (-1 + -1).
-8
13 + -3 + (-18 + 17 - 4)
5
Calculate 27 + (2 - (2 - (-2 + (-5 - 4)))).
16
What is -3 - ((-3 - (-1 + -3)) + 0)?
-4
-1 + 9 - (310 - 298)
-4
What is (384 - 375) + (0 - 12)?
-3
What is 33 + (-5 - 14) - -2?
16
Calculate -5 + (18 + 1 + -5 - -6) - 2.
13
Evaluate -39 - (-39 + (-6 - -32)).
-26
What is the value of 7 + (-8 - (4 - 5)) - 10?
-10
What is 14 + 10 + -7 + 17 + 3 + -5?
32
Evaluate 17 + -3 + -10 - (0 - -1 - 4).
7
Calculate -17 + 0 + 9 + 38 + 2.
32
Evaluate 0 + -1 - (6 + (33 - 28) - 12).
0
Calculate (-3 - ((1 - 9) + -6)) + -17 - -17.
11
Calculate (-13 - -21) + 13 + -6.
15
What is -24 - (13 + -45 + 34)?
-26
What is the value of 13 + 9 + -20 + -15?
-13
What is (-26 + 30 - (-2 - (4 + -2))) + -2?
6
Calculate -21 - -9 - (-1 + (3 - 5)).
-9
What is the value of 6 + (-8 + -6 + 5 - -5) + -7?
-5
What is the value of -1 + -6 + 1 + -2 + 23 + -3?
12
What is 5 + (3 - 1) - (11 - 3)?
-1
What is 10 + (-7 - 0) + 2 + (8 - 7)?
6
Evaluate (3 - 59) + 56 + -40 + 5.
-35
What is the value of -9 + -8 - (30 + -32 - (7 + 2))?
-6
Evaluate -78 - -72 - ((0 - -1) + -7).
0
Calculate (16 - 8) + -3 + (1 - -3).
9
What is the value of -67 + 63 - (1 + 2 + -2 - 18)?
13
Calculate (25 - -6 - -15) + -11 + -1.
34
Calculate (9 - (-4 - (-14 + -5))) + 2.
-4
Evaluate (-29 + 35 - 5) + -1 + 12.
12
What is the value of 13 + -34 + 10 + (-1 + 0 - -6)?
-6
What is the value of (18 + -20 - (11 + 5)) + 41?
23
What is the value of -22 - (30 - 59) - (-1 - -5)?
3
Calculate -13 - (3 + (0 - 6)) - (-47 + 43).
-6
(13 - (-7 + -2)) + -20
2
Evaluate -1 - 20 - (292 - 297).
-16
3 - 1 - (1 + -9) - (-39 - -34)
15
Evaluate 20 + (-28 - -12) + -5.
-1
What is the value of 0 - -5 - ((0 - -4) + 8) - -17?
10
(-2 - (-11 + 8)) + (3 - (7 + -3))
0
Evaluate -4 + 12 - (-6 + 4 + 13 + 2).
-5
(0 - (2 - -3 - (7 - 3))) + 1
0
What is -4 + (-32 - -13 - -16)?
-7
What is (-6 + -7 + 8 - -10) + -2?
3
What is the value of (3 - (3 + -1)) + (39 - 40)?
0
Evaluate -10 - (1 - (17 + -8 - -6)).
4
What is the value of -43 + 26 - (0 + (-3 - 0))?
-14
Calculate (-8 - -4) + 10 - (-10 + 19).
-3
Evaluate -5 + -1 - -14 - (-68 - -95).
-19
What is -5 - 2 - ((13 - 8) + -7)?
-5
-1 - (-2 + -7 - -15) - (-1 - -3)
-9
What is the value of 369 + -356 + (-22 - -1)?
-8
What is the value of 4 - (-5 - -10 - -2) - -1?
-2
Calculate (5 - 3) + -5 - (6 - 1 - -4).
-12
Calculate -33 + 35 - (0 + -8 + 1).
9
(2 - 18) + 508 + -500
-8
Calculate -12 + 5 + -4 + 13 - (0 + 14).
-12
What is the value of -47 + (25 - -12 - 17)?
-27
Evaluate -6 + (1 - 0) + (14 - 7).
2
(-7 - -21) + 7 - 5
16
Calculate -1 + -4 + 5 + -27 + 15.
-12
What is the value of -2352 - -2366 - (10 - (0 + 1))?
5
(1 - 2) + (12 - 4) + (2 - -2)
11
2 - (-31 - -18) - 14
1
(536 - 539) + (-1 - 0 - 11)
-15
What is 43 + -16 - (-10 - (0 + -3) - -9)?
25
Calculate 284 - 288 - ((-4 - -3) + 1).
-4
What is the value of -2 + -14 - (371 - 400)?
13
Calculate 27 - (-21 + 19) - (1 - 1).
29
10 + -39 + (-3 - -1) + (3 - -3)
-25
What is 7 - ((0 - -1) + 19 + -15 + 4)?
-2
Calculate 738 + -765 + (1 - -57).
31
What is 34 - 35 - 5 - (-18 + 0)?
12
What is -9 + 40 + -60 + 9?
-20
Evaluate -12 + (-8 - -21 - -9).
10
Calculate -14 - ((-12 - 1) + 6) - (1 - 1).
-7
4 + (-26 - (-2 - (8 + -17 - -10)))
-19
What is the value of -41 - (-4 + 30 + -39)?
-28
What is the value of 1 + -7 - ((32 - 32) + (2 - 13))?
5
Calculate 20 + 2 - (-22 + 60).
-16
Calculate -5 + 2 + -3 + -3 + 5 - 4.
-8
What is -3 + 9 + (-12 - 6) + 10 + -33?
-35
(-4 - -1 - (-30 + 24)) + 4 - 5
2
Evaluate 1 - ((4 - 1 - -5 - 1) + -1).
-5
6 + (-9 - (22 - (7 - -1)))
-17
What is 7 - (-13 + 7 + 13) - -8?
8
-9 + (2 - 0 - (60 - 45))
-22
Calculate (-8 - -1) + 10 - 11.
-8
Evaluate 15 + 2 - 1 - 24.
-8
Calculate 12 - 6 - ((-2 - (2 + -9)) + 10).
-9
Evaluate 3 - (3 + (-2 - -2)) - (69 + -53).
-16
Evaluate 29 - ((1 + -3 - -4) + (-116 - -118)).
25
Evaluate (-13 - -26) + (-44 - (-26 - -21)).
-26
Evaluate (-11 - -5) + -2 + 2 + (13 - -1).
8
Evaluate 4 + 22 + -52 + 15.
-11
Calculate 19 - (-2 - -13 - 0).
8
What is (5 - 14) + 9 + -4?
-4
What is (-15 - -20) + (-5 - 8)?
-8
What is 0 + -12 + 12 - -3?
3
(4 - 1) + -2 + 3 + -10 - -7
1
Evaluate 24 + -18 + 13 + -8 - -7.
18
Evaluate 77 + -82 - (8 - (3 + -7)).
-17
-75 + 59 - (-7 + 9)
-18
Calculate 46 - 69 - (-13 + 21).
-31
Calculate (4 - 13 - (2 + -19)) + -15.
-7
Evaluate -4 - (3 + -3 + 3 + 0 + -17).
10
What is the value of 0 + 16 + -1 - (-16 - 11 - -32)?
10
What is 13 + -2 + (11 - 25)?
-3
Calculate -29 - -37 - (-2 - -7).
3
-33 - (35 + -49 + 10)
-29
What is -10 - -30 - ((8 - 19) + 25)?
6
What is 159 - 168 - (0 - (-3 - -2))?
-10
What is the value of 13 - (-8 + (4 - 4) + -4 + 20)?
5
What is (-6 + -2 - (-9 - 3)) + 2?
6
What is the value of (-3 - (8 - 13) - -1) + -10?
-7
Calculate (12 + -9 - -2) + -2 + -1.
2
What is (77 - 65) + (3 - (3 - 4))?
16
(-8 - 3) + 2 + 13 + (-48 - -15)
-29
Evaluate 4 - (0 + 9 + 3).
-8
Calculate -1 - (-2 + 15 - -8 - (6 - -1)).
-15
What is 16 + -1 + -6 + -8?
1
Calculate (12 - 28 - -32) + -2.
14
Calculate (-1 + -21 - (-22 + 16) - -6) + 0.
-10
Calculate (17 + -24 - (4 + -14)) + 19.
22
(13 - 8 - 4) + 12 + -20 + 31
24
Evaluate (-15 - -4 - -8) + (4 - -5) - 17.
-11
What is the value of -5 - (-20 - -13 - 9)?
11
8 + -9 - -5 - (-1 - (-26 - 0))
-21
Calculate 16 - 19 - (-6 + (-3 - -3)) - -2.
5
What is the value of 21 - 25 - (3 + 1 - (0 - 2))?
-10
What is